vert -64437 (base 14) to base 6.
-5105441
ca9a (base 13) to base 7
145106
Convert -10111020020 (base 3) to base 14.
-1b06a
-11110000110100110110 (base 2) to base 12
-3b6a1a
-12122434 (base 5) to base 15
-23c2e
Convert -16240013 (base 7) to base 6.
-53412505
-11101011001010011011110 (base 2) to base 11
-4393553
Convert 243435 (base 7) to base 3.
2021000000
Convert -335552 (base 9) to base 5.
-22412202
-c45b96 (base 14) to base 13
-14aba88
What is -72819f (base 16) in base 6?
-424502023
What is 33125440 (base 6) in base 13?
28932c
Convert -4250 (base 14) to base 12.
-6752
Convert 133213300 (base 6) to base 12.
a91230
-1498772 (base 10) to base 7
-15511412
What is -c988a1 (base 13) in base 9?
-8811510
28c7b4 (base 15) to base 14
392682
Convert 6e2cd (base 16) to base 10.
451277
Convert 111010110011011001101 (base 2) to base 14.
3822cd
What is -240000151 (base 6) in base 16?
-445843
65075 (base 8) to base 6
325525
What is 10223031202 (base 4) in base 12?
4b12aa
Convert 231372 (base 8) to base 2.
10011001011111010
What is 24ec7 (base 16) in base 13?
53aba
-255a951 (base 11) to base 15
-5c95ac
-155602 (base 7) to base 16
-7867
What is -10211222112 (base 3) in base 6?
-1342535
What is 110513014 (base 6) in base 10?
2000386
Convert -214a7 (base 16) to base 12.
-66ab3
Convert -78254 (base 10) to base 12.
-39352
Convert 10121030 (base 5) to base 2.
10100001011010000
-11011001011010101 (base 2) to base 5
-12030232
Convert -620261 (base 9) to base 7.
-3060550
Convert -1a91bb (base 14) to base 7.
-11023024
What is -223a9 (base 12) in base 11?
-311a4
What is -34005 (base 13) in base 3?
-11210121010
What is 6ba512 (base 12) in base 7?
20532161
-150828 (base 9) to base 14
-25a12
What is 21c49 (base 13) in base 4?
32333200
Convert -105514414 (base 6) to base 16.
-1dd12a
-10000111001100110011 (base 2) to base 14
-105b59
Convert -237781 (base 10) to base 4.
-322003111
What is -131c6e (base 15) in base 10?
-917429
Convert 92029b (base 12) to base 5.
1041000432
What is 6ac9 (base 13) in base 10?
15037
188081 (base 14) to base 2
11010011101110010001
321021001 (base 4) to base 3
102220001111
23102015 (base 7) to base 9
3714478
-4375 (base 15) to base 7
-56435
Convert -9573412 (base 11) to base 7.
-263163451
Convert 287bb3 (base 13) to base 12.
3b8036
110220102130 (base 4) to base 14
a0ab48
Convert -101102112120021 (base 3) to base 4.
-111020322211
3250013 (base 6) to base 12
79909
Convert 45c4d (base 15) to base 14.
5ad5a
What is -12210001201 (base 3) in base 5?
-12120040
Convert -1a01e9 (base 15) to base 6.
-43045233
What is -1227224 (base 9) in base 11?
-416926
Convert -1554340 (base 6) to base 12.
-459b0
What is 7791c (base 16) in base 13?
141bc7
Convert 2679d5 (base 15) to base 14.
361850
Convert -3424232210 (base 5) to base 6.
-431540143
Convert -4500533 (base 6) to base 16.
-371a9
-10020200233 (base 4) to base 6
-35115531
What is -68159 (base 10) in base 3?
-10110111102
What is -222222220 (base 3) in base 4?
-10303200
14549 (base 11) to base 3
1001021211
Convert 1103201332 (base 4) to base 13.
bc968
Convert 103171 (base 9) to base 13.
21c28
What is 278888 (base 13) in base 4?
3222300101
-105013 (base 9) to base 8
-172362
-233665 (base 7) to base 3
-2010212111
108e9e (base 15) to base 3
1111010020012
What is -111100010111101101010 (base 2) in base 14?
-396cd4
What is -62c84a (base 15) in base 10?
-4699870
4628448 (base 9) to base 15
345855
What is -3510210 (base 8) in base 4?
-3221002020
2155 (base 13) to base 7
16336
Convert 12011120201112 (base 3) to base 10.
2747399
Convert -643a9 (base 15) to base 8.
-1155204
What is -31212312 (base 4) in base 13?
-1c4a3
Convert -1565256 (base 7) to base 16.
-35358
Convert -3530533 (base 6) to base 13.
-65361
Convert -1a43cb (base 13) to base 16.
-a2afd
What is 102221100012020 (base 3) in base 9?
12840166
Convert -5dd7c (base 16) to base 9.
-645238
What is 4142650 (base 7) in base 10?
498022
523232445 (base 6) to base 8
42620415
db5736 (base 14) to base 9
14873230
Convert 154355 (base 6) to base 16.
3b9f
Convert -22547633 (base 8) to base 3.
-100020002101121
What is 12201333 (base 5) in base 3?
12212220111
Convert 110001101000101011011110 (base 2) to base 11.
7387959
What is -4114024401 (base 5) in base 11?
-47901a0
Convert a44a2a (base 12) to base 11.
1502147
Convert 1221312414 (base 5) to base 10.
2916609
Convert 54615 (base 9) to base 13.
13643
3071238 (base 9) to base 10
1641176
1411041131 (base 5) to base 6
205230225
-3b32db (base 14) to base 2
-111110011001111000001
-133111432 (base 5) to base 3
-1021100010010
13417554 (base 8) to base 4
23201331230
-b90223 (base 12) to base 5
-1222032331
-1112223122 (base 4) to base 15
-702de
1020032104 (base 5) to base 13
58c134
-930584 (base 10) to base 15
-135ade
What is -405541 (base 7) in base 6?
-1252241
Convert -20412104 (base 5) to base 2.
-101001011010110110
What is -3213412 (base 5) in base 6?
-1055024
Convert d4c83 (base 14) to base 3.
222001111111
Convert 416523 (base 8) to base 14.
38707
Convert 1011111010010011110011 (base 2) to base 10.
3122419
What is -1974594 (base 10) in base 15?
-2900e9
What is -14020134 (base 6) in base 2?
-1110010100011011010
What is -480b (base 15) in base 10?
-15311
What is 338443 (base 12) in base 13?
22a898
Convert 3032012 (base 5) to base 9.
74202
What is -369056 (base 11) in base 10?
-583039
Convert ce519 (base 16) to base 4.
3032110121
-23450 (base 6) to base 9
-4613
Convert 1b3a49 (base 12) to base 8.
1660431
What is 115151 (base 9) in base 8?
207406
-3103353 (base 6) to base 9
-245666
What is -254313 (base 12) in base 16?
-949bf
-1c1e0 (base 15) to base 9
-148533
-11554355 (base 6) to base 15
-7578e
Convert 103343 (base 5) to base 10.
3598
What is -121200100212 (base 3) in base 6?
-11011552
Convert -1ab4642 (base 13) to base 7.
-135224612
Convert -c08247 (base 15) to base 12.
-3089441
What is 117400 (base 10) in base 11?
80228
-6226364 (base 9) to base 14
-6277d3
What is -10000011100011100100 (base 2) in base 9?
-1011144
What is -8398a8 (base 11) in base 16?
-148774
What is -1344443213 (base 5) in base 14?
-6771c5
1101101101101101010001 (base 2) to base 13
98b494
What is 105d654 (base 14) in base 11?
441a117
100111101111110100010 (base 2) to base 4
10331332202
What is -7a27 (base 15) in base 7?
-135355
Convert 5007457 (base 8) to base 13.
370498
What is -11031011020 (base 4) in base 8?
-5150510
What is -1353656 (base 7) in base 2?
-101100010010111111
What is -7672554 (base 9) in base 4?
-33232121230
What is 11221010122 (base 3) in base 9?
157118
What is -21517 (base 9) in base 4?
-3133000
What is 145c54 (base 16) in base 7?
14225152
Convert -390248 (base 11) to base 10.
-615216
What is 442134120 (base 5) in base 14?
37aa01
Convert 95998 (base 10) to base 14.
26db0
3276866 (base 10) to base 3
20011111000102
Convert 14790234 (base 10) to base 14.
1d70054
2104314024 (base 5) to base 16
42ade1
Convert -742b08 (base 13) to base 15.
-38abdb
-10022211110100 (base 3) to base 11
-aa8497
What is 21304351 (base 8) in base 4?
101120203221
Convert -206016 (base 7) to base 8.
-105545
What is 21a118 (base 11) in base 2?
1010101011111110001
What is 2042d (base 15) in base 14?
29357
What is -578eca (base 16) in base 4?
-111320323022
What is -2102330310 (base 4) in base 11?
-38124a
Convert 102221012212112 (base 3) to base 7.
104623253
What is 450740a (base 11) in base 14?
10996b4
Convert -83842 (base 11) to base 4.
-131310113
Convert 1044407 (base 9) to base 4.
2020330210
Convert 634d63 (base 14) to base 13.
9065a9
321187 (base 13) to base 4
10132133212
What is -537b151 (base 12) in base 14?
-2164c45
Convert -1212031 (base 7) to base 13.
-5535a
-32150555 (base 6) to base 5
-220310331
What is -a78157 (base 12) in base 7?
-31334452
What is -1444655 (base 7) in base 14?
-516d5
Convert 11e22 (base 15) to base 12.
29112
Convert -111000010000010010 (base 2) to base 15.
-48413
1378c (base 14) to base 5
3020034
Convert 216582 (base 9) to base 5.
13121022
Convert 3092c0 (base 13) to base 10.
1134146
Convert -236d45 (base 16) to base 5.
-1043243413
What is -202340402 (base 5) in base 14?
-176673
Convert -2553356 (base 9) to base 8.
-5241405
32003334 (base 5) to base 6
5411530
Convert -11110000101000111001010 (base 2) to base 3.
-112211121112121
Convert -6c943 